s divided by u?
7
Suppose 5*s + 5*l = 10, l - 9 = -4*s + 5. Let t = -3 + s. What is the remainder when -2*t*63/(-6) is divided by 11?
10
Let a(d) = -d - 2. Let i be a(-2). Suppose 55 = 5*o - i*o. Calculate the remainder when o is divided by 6.
5
Let h(z) = -z - 4. Let o(j) = 2*j + 2. Let g be o(-4). Let k(x) = x**3 + 10*x**2 + 9*x + 2. What is the remainder when k(-9) is divided by h(g)?
0
Calculate the remainder when 59 is divided by (2 - 2*-1) + 54/27.
5
Let a(b) be the third derivative of -29*b**4/24 - b**2. What is the remainder when a(-1) is divided by -25*(-2)/10*2?
9
Suppose 0*c = -2*c. Suppose 0*d - d + 10 = c. What is the remainder when 4/(-6) + (-172)/(-6) is divided by d?
8
Let p(b) = b**2 - 10*b + 11. Let c be p(9). Suppose 22 - c = 4*i. Suppose i*g - 31 = 34. What is the remainder when g is divided by 5?
3
Let s(r) = 17*r**2 - r. Let q be s(-1). Let y(j) = j**3 + 5*j**2 - 6*j - 7. Let o be y(-6). Let f = q + o. What is the remainder when f is divided by 4?
3
Suppose -80 = -2*l + 4*i, -4*l + 142 = -5*i - 21. Let x be 56/(-6)*15/10. Let z = -3 - x. Calculate the remainder when l is divided by z.
9
Let a(o) = -o**2 - 15*o + 3. What is the remainder when a(-7) is divided by 26?
7
Let n be (-2)/(-6) - 66/9. Let f(j) = -3*j - 3. What is the remainder when 28/2*(-5)/(-2) is divided by f(n)?
17
Suppose -2*j + 0*j = -4. Suppose -j*m + 2 = -6. Suppose 18 = m*r - 2*r. Calculate the remainder when r is divided by 5.
4
Suppose w - 10 - 5 = 0. Let p = 44 + 0. What is the remainder when p is divided by w?
14
Let j(c) = c**3 + 2*c**2 + 5*c - 4. Let x be j(3). Suppose 0 = -3*f + 3, g + 0*g + 3*f = x. What is the remainder when g is divided by 18?
17
Let f(b) = -2*b + 3. Let t be f(-4). Suppose -4*y = -4*k, 0 = -5*y + 3*k - 1 + t. Calculate the remainder when y is divided by 3.
2
Let m = -49 + 86. Let a(i) = i**2 + 7*i + 2. What is the remainder when m is divided by a(-8)?
7
Let b(p) = 3*p**2 - 17*p + 18. What is the remainder when b(9) is divided by 11?
9
Let w be 1 - -1 - (-3 + 1). Let g(v) = -v + 4. Let l be g(-4). Suppose 0*k - l = -w*k. What is the remainder when k is divided by 2?
0
Suppose 4*i - 10*i + 624 = 0. Calculate the remainder when i is divided by 21.
20
Calculate the remainder when (84/(-9))/((-1)/(-3)*-1) is divided by 12.
4
Let l(f) = 2*f**2 + 6 - 3*f**2 + 6*f + 0*f**2. Let d(n) = n**3 - 5*n**2 + 6*n - 4. What is the remainder when l(5) is divided by d(4)?
3
Let h(b) = -2*b**2 + 14*b + 4. What is the remainder when h(6) is divided by 10?
6
Suppose -2*k - 3*k = -85. Suppose 4*y - n - 42 = -y, -3 = -n. What is the remainder when k is divided by y?
8
What is the remainder when 24 is divided by 6/15 + 0 + (-66)/(-10)?
3
Let u = -10 - 0. What is the remainder when ((-100)/(-14))/(u/(-70)) is divided by 17?
16
Suppose -6*y = -y + 220. Let i = -26 - y. Calculate the remainder when i is divided by 5.
3
Suppose -4*s + 11 = -45. Calculate the remainder when s is divided by 5.
4
Suppose 4*i = -43 + 151. What is the remainder when (-6)/i + (-519)/(-27) is divided by 7?
5
Let s be (-12)/((-7)/2 + 2). Let n(l) = -l + 8. Let f be n(s). Suppose f = -0*y + 3*y - 24. What is the remainder when y is divided by 5?
3
Let l = -39 + 71. What is the remainder when l is divided by 11?
10
Let a(d) = 3*d**2 - 6*d + 1. Let x be 54/15 + (-2)/(-5). Let t be a(x). Let b = 38 - t. Calculate the remainder when 24 is divided by b.
11
Suppose -i + 2 + 0 = 0. Suppose 2*a - 2 = i. What is the remainder when 2 is divided by a?
0
Suppose -9*l + 5*l = -100. What is the remainder when 94 is divided by l?
19
Suppose -3*h + 79 = -0*r + r, 4*r - 303 = h. Suppose t - r = -3*t. Calculate the remainder when 35 is divided by t.
16
Suppose -12 = -2*s + 10. Let d = s + 12. Calculate the remainder when 45 is divided by d.
22
Let g = 5 + -2. Calculate the remainder when (-2)/g*-3 - -35 is divided by 20.
17
Suppose -4*k + 8*k - 20 = -2*p, -p - 5*k = -22. What is the remainder when p is divided by (-5 + -3)*(-2)/8?
0
Let w be ((-4)/(-6))/(4/18). Suppose v - 5*v = -48. What is the remainder when (36/2 - 0) + w is divided by v?
9
Suppose b = -b - 10. Let m be (-18)/b + (-9)/15. Suppose m*q + 2*q - 43 = 3*j, -2*q - 3*j + 13 = 0. Calculate the remainder when q is divided by 3.
2
Let b(o) = -2*o**3 - 2*o**2 - 2*o - 2. Calculate the remainder when 1*(-29)/(0 - 1) is divided by b(-2).
9
Suppose -4*x + 8 = -0*x, -2*x = -5*r + 76. Calculate the remainder when (-14 - -12)/((-2)/31) is divided by r.
15
Let j(g) = g**3 + 6*g**2 + 0*g**2 - 7*g**2 - 3 + 6. What is the remainder when j(3) is divided by 12?
9
Suppose -f = 5*o - 83, 5*f - 2*o - 279 - 271 = 0. Calculate the remainder when f is divided by 16.
12
Let w be (-1)/2 - (-157)/2. Let g = 21 - 14. Calculate the remainder when 4/(-26) + 1572/w is divided by g.
6
Suppose 4*o - 73 - 35 = 0. Suppose -2*p = -5*a + 41, 2*a = -2*p - 3*p - 1. Calculate the remainder when o is divided by a.
6
Suppose r - 3*r + 28 = 0. Suppose 5*o = 155 + 50. Calculate the remainder when o is divided by r.
13
Let o = 42 + -14. Suppose -2*z + 40 + o = 0. Let s = 145 - 133. Calculate the remainder when z is divided by s.
10
Suppose -12*p - 15 = -11*p. Let z = p + 28. Calculate the remainder when 62 is divided by z.
10
Let b(w) = -31*w - 11. Let f(d) = -15*d - 5. Let r(k) = -3*b(k) + 7*f(k). Calculate the remainder when r(-2) is divided by 6.
4
Calculate the remainder when 35 is divided by (-169)/(-9) - 4/(-18).
16
Suppose 5*d + 170 = 4*a - 2*a, -2*d - 68 = -2*a. Let w = d + 63. Suppose -16 = -2*l + 14. What is the remainder when w is divided by l?
14
Suppose s - 16 = -3*s. Suppose s = 3*q - 5. Suppose -3*o + 52 = 2*d, 4*o - 2*o = q*d + 13. Calculate the remainder when 41 is divided by o.
13
Let a = 4 + 3. Suppose 5 = 3*s - k, 4*s - s + 2*k + 10 = 0. Suppose 3*r - 43 = 5*g - 3*g, s = -2*r + 2*g + 30. What is the remainder when r is divided by a?
6
Let l(t) be the second derivative of t**5/20 - 11*t**4/12 + t**3/3 - 9*t**2/2 - 2*t. What is the remainder when l(11) is divided by 7?
6
Let u(l) = -l**2 - 12*l - 9. What is the remainder when u(-10) is divided by 6?
5
Suppose -3*q + 2*q + 13 = 0. Let g(a) be the first derivative of 3*a**2 - 5*a - 1. Calculate the remainder when g(5) is divided by q.
12
Suppose 0 = -3*z - 74 - 682. Calculate the remainder when (-15)/2*z/27 is divided by 18.
16
Let b = 38 + -17. Calculate the remainder when 40 is divided by b.
19
Let b = -59 + 107. Suppose 2*g - 4*g = -b. Calculate the remainder when g + (-1)/(2 + -1) is divided by 12.
11
Let c = 51 - 27. Let k = c + -12. Calculate the remainder when 34 is divided by k.
10
What is the remainder when 118 is divided by 50/(-2)*8/(-10)?
18
Suppose -4*k - 2 = -2*n, -2*n + 2*k = -0*k. Suppose -r + 56 = 5*l, 3*r - 112 = r - 3*l. Calculate the remainder when r is divided by (4 - 3)*(18 - n).
18
Suppose 2*n = 5*y + 32, 4*y + 5*n - 3*n = -22. Let f(j) = 2*j**2 - 2*j - 6. Let t be f(y). Suppose w = 4*w - t. What is the remainder when 50 is divided by w?
24
Let y(z) = -z**3 + z**2 + 3*z + 2. Let l = 9 - 7. Suppose l*s = 6*s - 92. What is the remainder when s is divided by y(-2)?
7
Let g(k) = -k**2 - 12*k + 8. Calculate the remainder when 81 is divided by g(-10).
25
Suppose 2*i + 1 = 19. Let j = 67 + -52. Calculate the remainder when j is divided by i.
6
Let t = 333 - 229. Calculate the remainder when t is divided by 35.
34
Suppose -3*r - 2*r + 20 = 0. Suppose -r*i = -4*k - 6*i + 56, 12 = 3*i. Calculate the remainder when 7 is divided by (k/9)/((-1)/(-3)).
3
Suppose 1 = 3*v + 4*y + 8, 4*y = -2*v + 2. Calculate the remainder when 25 is divided by (v + 3)*9/(-6).
7
Let g(r) = r + 1. Let f be g(-3). Let l be -6*((-24)/9 - f). Suppose -l*d + 28 = -0*d. Calculate the remainder when d is divided by 4.
3
Let x(a) = a**3 - 7*a**2 + 3*a + 6. Let f be x(7). What is the remainder when (-1)/2*(-20 + -2) is divided by (-52)/(-9) - (-6)/f?
5
Suppose -6 = w - 2*l - 4, 4*l = -w + 10. Let j be 4/3 + w/(-6). Calculate the remainder when 8 is divided by (2 + 1)*1/j.
2
Suppose u + 2*c - 36 = -15, 4*u + 5*c = 72. Let p(g) = -g - 6. Let k be p(-7). Calculate the remainder when u is divided by (8 - 7)*(6 - k).
3
Suppose n + 5*h + 49 = 3*n, -2*n + 37 = -h. Let y = n + -8. Calculate the remainder when (35/3)/(2/6) is divided by 